t common divisor of 66 and 495?
33
Calculate the greatest common factor of 72 and 40212.
36
Calculate the highest common divisor of 52 and 728.
52
Calculate the highest common divisor of 51 and 272.
17
What is the highest common divisor of 212 and 2014?
106
Calculate the highest common divisor of 3591 and 189.
189
What is the greatest common divisor of 24 and 88?
8
Calculate the highest common factor of 266 and 98.
14
Calculate the highest common factor of 36 and 198.
18
What is the greatest common factor of 19026 and 36?
18
Calculate the highest common factor of 1104 and 23.
23
Calculate the highest common divisor of 7192 and 1624.
232
Calculate the greatest common factor of 18 and 58.
2
Calculate the highest common factor of 476 and 28.
28
What is the highest common divisor of 22 and 10307?
11
What is the highest common divisor of 225 and 36?
9
What is the highest common factor of 85 and 1615?
85
What is the highest common factor of 132 and 36?
12
What is the highest common factor of 89 and 7387?
89
What is the highest common divisor of 10797 and 59?
59
Calculate the highest common divisor of 75114 and 18.
18
Calculate the highest common factor of 30 and 2080.
10
Calculate the greatest common factor of 2678 and 78.
26
Calculate the greatest common factor of 3198 and 390.
78
What is the greatest common divisor of 980 and 19355?
245
Calculate the highest common divisor of 1083 and 152.
19
Calculate the greatest common factor of 45 and 60.
15
What is the highest common factor of 270 and 70?
10
Calculate the highest common factor of 205 and 533.
41
Calculate the highest common factor of 129 and 645.
129
Calculate the greatest common divisor of 1007 and 53.
53
Calculate the greatest common factor of 196 and 1225.
49
What is the greatest common factor of 26 and 4?
2
What is the highest common divisor of 156 and 351?
39
Calculate the greatest common divisor of 63 and 70.
7
What is the greatest common divisor of 649 and 11?
11
Calculate the greatest common divisor of 33 and 1353.
33
What is the highest common factor of 80 and 1120?
80
Calculate the greatest common divisor of 18624 and 768.
192
Calculate the greatest common factor of 22 and 253.
11
Calculate the highest common factor of 10 and 640.
10
Calculate the greatest common factor of 871 and 1474.
67
What is the highest common divisor of 70 and 10?
10
Calculate the greatest common factor of 670 and 55.
5
Calculate the highest common factor of 1620 and 378.
54
Calculate the highest common factor of 952 and 112.
56
Calculate the greatest common divisor of 2378 and 656.
82
Calculate the greatest common factor of 3 and 5.
1
Calculate the greatest common factor of 61 and 5429.
61
Calculate the highest common factor of 4623 and 3417.
201
What is the highest common factor of 1969 and 22?
11
What is the highest common divisor of 2360 and 120?
40
What is the highest common divisor of 26 and 2964?
26
What is the highest common factor of 171 and 152?
19
Calculate the highest common factor of 78 and 9009.
39
Calculate the greatest common divisor of 33824 and 448.
224
What is the greatest common divisor of 462 and 6622?
154
Calculate the highest common divisor of 66 and 22.
22
Calculate the greatest common factor of 24 and 15.
3
What is the highest common divisor of 56 and 32?
8
Calculate the highest common factor of 8282 and 41.
41
Calculate the highest common factor of 58 and 464.
58
What is the highest common factor of 212 and 4?
4
What is the highest common divisor of 14847 and 98?
49
Calculate the highest common divisor of 840 and 2280.
120
What is the greatest common factor of 186 and 837?
93
What is the greatest common factor of 1092 and 84?
84
What is the greatest common divisor of 9600 and 225?
75
What is the greatest common divisor of 2285 and 30?
5
What is the highest common factor of 81 and 567?
81
Calculate the highest common factor of 4305 and 315.
105
What is the greatest common factor of 44 and 188?
4
Calculate the highest common divisor of 9744 and 168.
168
Calculate the highest common factor of 208 and 520.
104
What is the greatest common divisor of 19 and 513?
19
What is the greatest common divisor of 7 and 3563?
7
What is the greatest common factor of 9893 and 39?
13
Calculate the greatest common divisor of 45 and 7215.
15
Calculate the highest common factor of 60 and 1476.
12
What is the greatest common factor of 2316 and 24?
12
Calculate the greatest common factor of 80 and 696.
8
What is the highest common factor of 9344 and 64?
64
Calculate the highest common factor of 2813 and 116.
29
What is the highest common divisor of 215 and 602?
43
Calculate the greatest common factor of 35 and 28.
7
What is the highest common factor of 1 and 43?
1
What is the greatest common factor of 8757 and 21?
21
Calculate the highest common factor of 48 and 52656.
48
What is the highest common factor of 104 and 52?
52
What is the highest common divisor of 412 and 24?
4
Calculate the greatest common factor of 42 and 1134.
42
What is the highest common divisor of 174 and 145?
29
What is the highest common factor of 38 and 3078?
38
What is the highest common divisor of 21 and 189?
21
What is the highest common factor of 21 and 343?
7
What is the greatest common divisor of 132 and 2409?
33
What is the greatest common factor of 437 and 529?
23
What is the highest common factor of 84 and 378?
42
Calculate the greatest common factor of 66 and 18.
6
Calculate the greatest common divisor of 35 and 21.
7
Calculate the greatest common factor of 3 and 1671.
3
What is the greatest common factor of 33 and 4048?
11
Calculate the greatest common divisor of 1081 and 2491.
47
Calculate the highest common divisor of 88 and 66.
22
Calculate the greatest common factor of 8 and 1432.
8
Calculate the greatest common divisor of 493 and 203.
29
What is the highest common factor of 7 and 5?
1
Calculate the highest common factor of 387 and 43.
43
What is the highest common factor of 448 and 84?
28
Calculate the highest common divisor of 117 and 390.
39
Calculate the highest common factor of 408 and 996.
12
Calculate the greatest common factor of 1494 and 18.
18
Calculate the greatest common divisor of 1328 and 112.
16
What is the greatest common factor of 4864 and 640?
128
Calculate the highest common divisor of 155 and 15.
5
What is the highest common divisor of 3756 and 4?
4
Calculate the highest common divisor of 1527 and 3.
3
What is the highest common divisor of 160 and 4050?
10
What is the highest common factor of 781 and 275?
11
What is the greatest common factor of 2385 and 15?
15
Calculate the highest common divisor of 8413 and 716.
179
What is the highest common factor of 896 and 392?
56
Calculate the greatest common factor of 18 and 114.
6
Calculate the highest common factor of 98 and 4998.
98
What is the greatest common divisor of 240 and 2840?
40
Calculate the greatest common factor of 209 and 893.
19
What is the greatest common factor of 261 and 406?
29
Calculate the greatest common factor of 240 and 73920.
240
What is the highest common factor of 805 and 70?
35
What is the greatest common divisor of 84 and 14136?
12
Calculate the greatest common divisor of 76 and 76.
76
What is the greatest common factor of 800 and 256?
32
What is the highest common factor of 253 and 92?
23
Calculate the greatest common factor of 1328 and 160.
16
Calculate the greatest common factor of 10577 and 7.
7
What is the highest common factor of 6321 and 21?
21
Calculate the highest common factor of 178 and 2.
2
Calculate the greatest common divisor of 1556 and 4.
4
What is the greatest common factor of 1008 and 1296?
144
Calculate the greatest common factor of 104 and 13.
13
What is the greatest common divisor of 24 and 127608?
24
Calculate the highest common divisor of 12 and 321.
3
What is the greatest common factor of 945 and 35?
35
Calculate the greatest common factor of 228 and 342.
114
What is the greatest common divisor of 6341 and 221?
17
What is the greatest common factor of 60416 and 236?
236
Calculate the greatest common factor of 48 and 208.
16
What is the greatest common factor of 72 and 16?
8
What is the highest common divisor of 396 and 384?
12
Calculate the highest common factor of 170 and 68.
34
What is the highest co